6 a factor of 171193003?
False
Does 34 divide 770100?
True
Is 175 a factor of 7802778?
False
Is 821915154 a multiple of 2799?
True
Is 74 a factor of 3054774011?
False
Is 8770181 a multiple of 51?
False
Is 1214496851 a multiple of 2306?
False
Is 709 a factor of 1228177303?
True
Is 42772876 a multiple of 236?
True
Does 26 divide 235113710?
True
Does 119 divide 3356395?
True
Does 9 divide 29244339?
True
Is 55 a factor of 205969335?
True
Is 287 a factor of 471136756?
False
Is 329 a factor of 146326698?
True
Is 65 a factor of 120647865?
True
Does 149 divide 632994316?
True
Does 733 divide 387103164?
True
Is 82715607 a multiple of 237?
True
Does 13 divide 350623?
True
Is 217 a factor of 500335164?
True
Is 5 a factor of 5963648?
False
Is 1051384464 a multiple of 414?
True
Is 351 a factor of 1295541?
True
Is 2520167808 a multiple of 53?
True
Does 4 divide 947282?
False
Does 2120 divide 1541240?
True
Is 1176941 even?
False
Is 159 a factor of 63901286?
False
Is 848879787 a multiple of 933?
True
Is 541 a factor of 2548409681?
False
Does 91 divide 513206739?
False
Does 25 divide 255856537?
False
Does 274 divide 245991228?
False
Does 823 divide 292875883?
False
Does 61 divide 108003550?
True
Does 27 divide 649926666?
True
Is 465936640 a multiple of 8?
True
Is 205010370 a multiple of 2130?
True
Is 98889258 a multiple of 14?
False
Is 119817378 a multiple of 654?
True
Does 357 divide 10812459?
True
Is 1653000 a multiple of 57?
True
Does 676 divide 42772064?
False
Does 9 divide 470187623?
False
Does 7 divide 158347777?
True
Is 2228953 a multiple of 2?
False
Does 297 divide 330001155?
True
Is 105907901 a multiple of 30?
False
Is 2221 a factor of 2304149798?
True
Does 581 divide 1266388270?
True
Does 39 divide 252695927?
False
Does 107 divide 57591213?
False
Is 91231900 a multiple of 922?
True
Is 380 a factor of 9790243?
False
Is 625253880 a multiple of 40?
True
Is 507419700 a multiple of 95?
True
Is 46 a factor of 63878912?
True
Is 83884920 a multiple of 2072?
True
Does 3 divide 8616256?
False
Is 12932918 a multiple of 127?
True
Is 521 a factor of 74877248?
False
Is 47636097 a multiple of 586?
False
Does 115 divide 12849295?
True
Is 5 a factor of 609555?
True
Is 26 a factor of 19074952?
True
Is 168249312 a multiple of 3934?
True
Does 171 divide 17775621?
True
Is 16443194 a multiple of 98?
False
Is 386406160 a multiple of 7?
True
Is 12 a factor of 128409360?
True
Does 297 divide 8276356?
False
Is 68592044 a multiple of 4?
True
Is 137 a factor of 179781538?
True
Is 9 a factor of 106379672?
False
Is 58285973 a multiple of 49?
False
Does 319 divide 381911904?
True
Is 18 a factor of 81640335?
False
Is 3935 a factor of 360544375?
True
Does 43 divide 352371154?
True
Is 60943096 a multiple of 136?
True
Does 96 divide 26820068?
False
Is 454373135 a multiple of 37?
True
Does 57 divide 75387459?
True
Is 85 a factor of 65196116?
False
Is 566585489 a multiple of 31?
False
Does 28 divide 1585393292?
True
Is 252293729 a multiple of 689?
False
Does 795 divide 37585974?
False
Does 131 divide 200657906?
False
Is 57419421 a multiple of 1410?
False
Does 263 divide 2013301?
False
Is 1022 a factor of 35309775?
False
Is 461616442 a multiple of 13?
False
Is 651 a factor of 1064468328?
True
Is 3224406125 a multiple of 12917?
True
Is 7997 a factor of 538354208?
False
Is 1551 a factor of 410311138?
False
Is 764908 a multiple of 30?
False
Does 1252 divide 735736548?
True
Is 133760946 a multiple of 1474?
False
Is 257561348 a multiple of 1083?
False
Is 5266365 a multiple of 113?
True
Does 292 divide 67232990?
False
Is 18359680 a multiple of 160?
True
Is 13445 a factor of 252000052?
False
Is 29902496 a multiple of 32?
True
Is 13 a factor of 402022689?
False
Is 23909925 a multiple of 137?
True
Is 3 a factor of 334077609?
True
Is 1169 a factor of 379058046?
False
Is 84825672 a multiple of 84?
False
Is 60 a factor of 260071311?
False
Is 65304853 a multiple of 14?
False
Is 182062832 a multiple of 1605?
False
Is 1147 a factor of 87239143?
False
Is 581 a factor of 176257763?
False
Is 20 a factor of 1622973309?
False
Is 299522306 a multiple of 468?
False
Is 73586303 a multiple of 808?
False
Is 183 a factor of 4563231195?
False
Is 114 a factor of 22941246?
True
Does 56 divide 241931536?
True
Does 22 divide 60389758?
True
Is 11 a factor of 98566732?
True
Is 207 a factor of 682575032?
False
Is 42 a factor of 181717536?
True
Is 124 a factor of 4466104?
False
Does 17 divide 923566959?
False
Does 5 divide 2707095?
True
Is 139948506 a multiple of 20?
False
Is 554 a factor of 320019197?
False
Is 30496377 a multiple of 976?
False
Is 19479915 a multiple of 871?
True
Does 14 divide 30121476?
True
Does 425 divide 13270625?
True
Is 13 a factor of 229597908?
False
Is 48 a factor of 315211968?
True
Is 37 a factor of 344357958?
False
Does 842 divide 990892712?
False
Does 36 divide 27651561?
False
Is 1990311982 a multiple of 7?
False
Is 20 a factor of 49049378?
False
Is 101 a factor of 15228275?
True
Is 5026 a factor of 109566800?
True
Is 45712758 a multiple of 21?
True
Is 61900662 a multiple of 397?
False
Is 2327 a factor of 141849971?
False
Is 4132 a factor of 638360944?
True
Is 22 a factor of 77346060?
True
Is 8 a factor of 1578493?
False
Is 1415792377 a multiple of 1039?
False
Is 205 a factor of 356899452?
False
Is 30 a factor of 314524642?
False
Is 625583860 a multiple of 467?
True
Is 11 a factor of 338672247?
False
Does 1613 divide 54825870?
True
Does 32 divide 289682272?
True
Is 55 a factor of 112796485?
False
Does 2234 divide 791903852?
True
Does 10 divide 67858510?
True
Does 3038 divide 559785380?
False
Does 4 divide 32280568?
True
Is 11273 a factor of 4192935985?
True
Is 27 a factor of 46687755?
False
Does 356 divide 190981896?
True
Does 8222 divide 1925238854?
True
Is 42508688 a multiple of 496?
True
Does 5314 divide 104250303?
False
Is 1776 a factor of 968118160?
False
Is 16 a factor of 193583173?
False
Does 1785 divide 77098352?
False
Is 22 a factor of 29904886?
True
Is 2 a factor of 162387361?
False
Is 3163588131 a multiple of 892?
False
Is 51 a factor of 155243406?
False
Does 23 divide 10294077?
False
Does 12 divide 777969588?
True
Does 166 divide 915703642?
True
Does 90 divide 8314470?
True
Is 48924349 a multiple of 59?
False
Does 37 divide 256912460?
True
Is 39554361 a multiple of 11?
True
Is 294 a factor of 942275880?
True
Does 22 divide 11022132?
True
Is 73 a factor of 52868254?
False
Is 7 a factor of 12220001?
False
Is 15148166 a multiple of 80?
False
Is 537513050 a multiple of 2190?
False
Is 1064506675 a multiple of 10?
False
Is 62669540 a multiple of 20?
True
Does 10 divide 28134202?
False
Is 6 a factor of 544437086?
False
Is 1140077696 a multiple of 1124?
True
Is 60468631 a multiple of 3323?
True
Is 66977106 a multiple of 42?
True
Is 1667 a factor of 7385458?
False
Is 978 a factor of 13596156?
True
Is 138959883 a multiple of 3?
True
Does 31 divide 10040552?
False
Is 14 a factor of 648311269?
False
Does 192 divide 958570180?
False
Is 498176649 a multiple of 446?
False
Does 64 divide 271903419?
False
Is 9 a factor of 85901215?
False
Is 383 a factor of 180602118?
True
Is 3 a factor of 287441844?
True
Is 11684532 a multiple of 134?
True
Is 41678539 a multiple of 1073?
True
Is 114173038 a multiple of 206?
False
Does 299 divide 1671736807?
True
Is 159 a factor of 45230730?
True
Is 5977138 a multiple of 6?
False
Is 26 a factor of 372435830?
True
Is 180285300 a multiple of 1235?
True
Is 2454 a factor of 1461357000?
True
Is 575530844 a multiple of 109?
False
Does 14 divide 89751690?
True
Is 365 a factor of 1010369640?
True
Is 5 a factor of 221813695?
True
Does 158 divide 117402216?
True
Is 168691418 a multiple of 14?
True
Is 166193056 a multiple of 16?
True
Does 423 divide 22284101?
False
Is 815 a factor of 1910954209?
False
Is 31818699 a multiple of 33?
True
Is 449083818 a multiple of 27?
True
Is 705 a factor of 647961270?
True
Is 196188692 a multiple of 28?
True
Is 804 a factor of 374893140?
True
Is 3905976438 a multiple of 126?
True
Is 1478 a factor of 198516597?
False
Is 1270 a factor of 10576560?
True
Is 33 a factor of 11011176?
True
Is 861 a factor of 5002504806?
False
Is 2908409907 a multiple of 3649?
True
Is 3651992 a multiple of 4?
True
Does 28 divide 14350420?
True
Is 16 a factor of 179